4190?
1
What is the thousands digit of 41482?
1
What is the thousands digit of 4279?
4
What is the thousands digit of 68042?
8
What is the hundreds digit of 5640?
6
What is the thousands digit of 39560?
9
What is the units digit of 1390?
0
What is the tens digit of 5075?
7
What is the hundreds digit of 33471?
4
What is the tens digit of 646?
4
What is the hundreds digit of 677?
6
What is the ten thousands digit of 93424?
9
What is the tens digit of 4457?
5
What is the hundreds digit of 24405?
4
What is the thousands digit of 15426?
5
What is the units digit of 352?
2
What is the hundreds digit of 140?
1
What is the units digit of 2018?
8
What is the units digit of 11739?
9
What is the hundreds digit of 34005?
0
What is the hundreds digit of 47098?
0
What is the tens digit of 11793?
9
What is the hundreds digit of 608?
6
What is the hundreds digit of 758?
7
What is the hundreds digit of 50298?
2
What is the units digit of 2026?
6
What is the units digit of 7967?
7
What is the hundreds digit of 16257?
2
What is the units digit of 875?
5
What is the tens digit of 2125?
2
What is the thousands digit of 2468?
2
What is the hundreds digit of 2552?
5
What is the hundreds digit of 4425?
4
What is the ten thousands digit of 31355?
3
What is the tens digit of 10698?
9
What is the hundreds digit of 2339?
3
What is the tens digit of 6376?
7
What is the ten thousands digit of 16786?
1
What is the units digit of 767?
7
What is the hundreds digit of 1650?
6
What is the hundreds digit of 1612?
6
What is the units digit of 2?
2
What is the thousands digit of 20007?
0
What is the tens digit of 835?
3
What is the tens digit of 2800?
0
What is the units digit of 4474?
4
What is the tens digit of 318?
1
What is the thousands digit of 74291?
4
What is the hundreds digit of 1493?
4
What is the hundreds digit of 1661?
6
What is the hundreds digit of 787?
7
What is the units digit of 3325?
5
What is the hundreds digit of 1446?
4
What is the ten thousands digit of 10401?
1
What is the tens digit of 314?
1
What is the thousands digit of 10938?
0
What is the units digit of 1009?
9
What is the ten thousands digit of 22088?
2
What is the tens digit of 4286?
8
What is the hundreds digit of 190676?
6
What is the tens digit of 578?
7
What is the hundreds digit of 6232?
2
What is the hundreds digit of 1976?
9
What is the tens digit of 101158?
5
What is the ten thousands digit of 46913?
4
What is the tens digit of 4377?
7
What is the tens digit of 1800?
0
What is the tens digit of 3769?
6
What is the tens digit of 39994?
9
What is the units digit of 619?
9
What is the units digit of 5680?
0
What is the tens digit of 4033?
3
What is the thousands digit of 7567?
7
What is the tens digit of 1938?
3
What is the hundreds digit of 15424?
4
What is the hundreds digit of 1429?
4
What is the hundreds digit of 40650?
6
What is the thousands digit of 6310?
6
What is the ten thousands digit of 27481?
2
What is the hundreds digit of 6623?
6
What is the thousands digit of 1310?
1
What is the units digit of 186467?
7
What is the thousands digit of 4326?
4
What is the hundreds digit of 12657?
6
What is the hundreds digit of 4485?
4
What is the hundreds digit of 12899?
8
What is the hundreds digit of 2369?
3
What is the thousands digit of 57675?
7
What is the tens digit of 7606?
0
What is the units digit of 1308?
8
What is the hundreds digit of 1713?
7
What is the thousands digit of 142683?
2
What is the units digit of 28473?
3
What is the hundreds digit of 17141?
1
What is the units digit of 425?
5
What is the tens digit of 1924?
2
What is the hundreds digit of 4268?
2
What is the hundreds digit of 379?
3
What is the hundreds digit of 6643?
6
What is the tens digit of 1082?
8
What is the units digit of 5263?
3
What is the tens digit of 807?
0
What is the tens digit of 9637?
3
What is the hundreds digit of 1374?
3
What is the tens digit of 2011?
1
What is the tens digit of 173?
7
What is the ten thousands digit of 36176?
3
What is the tens digit of 81633?
3
What is the tens digit of 277?
7
What is the thousands digit of 74243?
4
What is the hundred thousands digit of 162241?
1
What is the tens digit of 21?
2
What is the ten thousands digit of 35829?
3
What is the units digit of 2913?
3
What is the units digit of 2142?
2
What is the ten thousands digit of 95742?
9
What is the units digit of 37545?
5
What is the tens digit of 834?
3
What is the hundreds digit of 296?
2
What is the thousands digit of 1175?
1
What is the units digit of 260?
0
What is the units digit of 1475?
5
What is the tens digit of 17027?
2
What is the tens digit of 4098?
9
What is the hundreds digit of 668?
6
What is the tens digit of 14514?
1
What is the units digit of 4748?
8
What is the hundreds digit of 890?
8
What is the tens digit of 2201?
0
What is the units digit of 4223?
3
What is the tens digit of 1497?
9
What is the hundreds digit of 15192?
1
What is the tens digit of 443?
4
What is the tens digit of 4724?
2
What is the units digit of 50?
0
What is the units digit of 1357?
7
What is the tens digit of 482?
8
What is the thousands digit of 3580?
3
What is the ten thousands digit of 147401?
4
What is the hundreds digit of 6428?
4
What is the tens digit of 627?
2
What is the tens digit of 3079?
7
What is the tens digit of 2422?
2
What is the tens digit of 173617?
1
What is the hundreds digit of 37612?
6
What is the units digit of 915?
5
What is the thousands digit of 5463?
5
What is the hundreds digit of 1489?
4
What is the thousands digit of 5613?
5
What is the thousands digit of 43554?
3
What is the tens digit of 1139?
3
What is the units digit of 24?
4
What is the thousands digit of 78625?
8
What is the units digit of 10355?
5
What is the tens digit of 4758?
5
What is the hundreds digit of 564?
5
What is the tens digit of 30872?
7
What is the thousands digit of 82236?
2
What is the hundreds digit of 3839?
8
What is the hundreds digit of 16782?
7
What is the thousands digit of 1617?
1
What is the thousands digit of 15410?
5
What is the hundreds digit of 84026?
0
What is the tens digit of 289?
8
What is the ten thousands digit of 59683?
5
What is the thousands digit of 120166?
0
What is the units digit of 5849?
9
What is the ten thousands digit of 49166?
4
What is the hundreds digit of 2876?
8
What is the ten thousands digit of 76628?
7
What is the tens digit of 206?
0
What is the hundreds digit of 5031?
0
What is the tens digit of 1984?
8
What is the hundreds digit of 237?
2
What is the hundreds digit of 2236?
2
What is the ten thousands digit of 12028?
1
What is the hundreds digit of 2367?
3
What is the thousands digit of 143934?
3
What is the tens digit of 9524?
2
What is the tens digit of 18564?
6
What is the hundreds digit of 210?
2
What is the tens digit of 1455?
5
What is the units digit of 2890?
0
What is the hundreds digit of 241?
2
What is the hundreds digit of 8865?
8
What is the hundreds digit of 58965?
9
What is the thousands digit of 19075?
9
What is the hundreds digit of 36815?
8
What is the hundreds digit of 603?
6
What is the units digit of 1817?
7
What is the hundreds digit of 16340?
3
What is the tens digit of 734?
3
What is the tens digit of 1845?
4
What is the ten thousands digit of 34047?
3
What is the thousands digit of 3053?
3
What is the tens digit of 65264?
6
What is the hundreds digit of 792?
7
What is the thousands digit of 86435?
6
What is the thousands digit of 1921?
1
What is the units digit of 13651?
1
What is the thousands digit of 1937?
1
What is the hundreds digit of 672?
6
What is the units digit of 23978?
8
What is the units digit of 16788?
8
What is the thousands digit of 18710?
8
What is the thousands digit of 44800?
4
What is the hundreds digit of 61427?
4
What is the hundreds digit of 69276?
2
What is the tens digit of 2499?
9
What is the hundreds digit of 288?
2
What is the units digit of 603?
3
What is the hundreds digit of 2978?
9
What is the hundreds digit of 6904?
9
What is the ten thousands digit of 15957?
1
What is the tens digit of 4952?
5
What is the hundreds digit of 96244?
2
What is the thousands digit of 7332?
7
What is the tens digit of 200?
0
What is the ten thousands digit of 18715?
1
What is the thousands digit of 103479?
3
What is the tens digit of 2908?
0
